. Is n composite?
False
Let b = -209390 + 338355. Is b composite?
True
Let b(g) = -g**2 + 3*g - 3. Let p be b(0). Let n be -1*p/6 - 461/(-2). Suppose 5*y + x - 610 = 0, -3*x + n = 2*y - 0*x. Is y a composite number?
True
Let r(m) = m**2 + m + 1. Let h(d) = 7*d**2 + 13*d - 8. Let l(i) = -h(i) + 6*r(i). Let p be l(-7). Suppose -p = -3*q + 1, 4*z = 5*q + 2691. Is z composite?
True
Let c(j) = 699*j**2 - 140*j - 3787. Is c(-24) composite?
False
Let r be (-4)/6 + -43*3/9. Let d = 23 + r. Suppose d*t = 5*t - 5*z + 4712, -3*t + 2*z = -4726. Is t a composite number?
True
Let s = -110 + 114. Suppose -2*c - 5*g = -154, 4*c + s*g = 375 - 91. Is c composite?
False
Suppose -12455 = 2*b - 3*b - 5*t, 4*b - t - 49904 = 0. Let f = -8169 + b. Is f a prime number?
False
Let y(l) = -l**3 - 15*l**2 + 14*l - 20. Let p(v) = 4*v**3 + 46*v**2 - 42*v + 59. Let s(o) = 2*p(o) + 7*y(o). Let q be s(11). Let x = q - -297. Is x composite?
True
Suppose 4452912 = -79*m + 6797070 + 10474619. Is m composite?
False
Suppose -1862760 = 7*t - 37*t. Suppose 66872 = 12*q - t. Is q a prime number?
False
Suppose -18*w - 24166 = -16*w. Let t = -116 - w. Is t composite?
True
Suppose -53 = -4*p + 3*x, 14*x + 60 = 4*p + 18*x. Let g(n) = 83*n**3 - 2*n**2 + 2*n + 1. Let i be g(3). Suppose 12*u = p*u - i. Is u a composite number?
True
Let o = 28 + 60. Suppose -64*d - 86232 = -o*d. Is d composite?
False
Let n be (10 + 8)*-3*(-218)/4. Suppose 0 = x - 2, 0*t + t + 2*x - n = 0. Is t composite?
False
Suppose 488 + 59559 = 13*h. Let y = 2420 + h. Is y a prime number?
True
Let f(l) = 232*l**2 + 42*l + 219. Let z = 89 - 94. Is f(z) composite?
True
Suppose -4352118 - 219107 = -13*t - 12*t. Is t composite?
True
Suppose -11*z - 11 = -33. Suppose z*f + 0*o - 3*o = 2962, f = 4*o + 1481. Is f prime?
True
Let x be ((-46)/8 + 1)*12. Let n = x + 53. Is ((n - -6) + -1084)/(6/(-15)) composite?
True
Suppose 6*t - 2*t - 57 = -3*m, 2*t - m - 21 = 0. Let n be (-4)/(4 + (-64)/t). Suppose 1896 = 5*s - u, 4*s - 380 = n*s + u. Is s a composite number?
False
Suppose -6353519 = -22*b + 7783835. Is b a composite number?
True
Let m(p) = -6*p - 7. Let z be m(-2). Suppose z*i - 9*i + 8 = 0. Is 1 + ((-112)/40)/(i/(-620)) composite?
True
Let r(s) = -8*s**3 - 6*s**2 + 14*s - 5. Let a be r(-6). Let l = -680 + a. Is l prime?
True
Is (-1)/(-15)*-4 - 967150360/(-600) composite?
False
Let i = 1152413 + -723640. Is i composite?
True
Let o(m) = 157*m**3 - 14*m**2 + 4*m - 6. Let n be o(4). Suppose -8*j - n = -41*j. Is j a composite number?
True
Let r(g) = 139*g**3 + 12*g**2 + g - 6. Let j(q) = -140*q**3 - 13*q**2 + q + 7. Let c(o) = -5*j(o) - 6*r(o). Is c(-2) a prime number?
False
Suppose 6*c - 5*c + 3*m = -44, 3*m - 84 = 3*c. Is ((-17)/4)/(c/2176) composite?
True
Let o be ((-9)/(-3))/((-3)/(-1)). Let x be (0 - -2 - -2)*o. Suppose 0 = 5*q + x*q - 4977. Is q a composite number?
True
Let m(s) = -11*s + 195. Let c be m(18). Is (c/(15/25))/(1/(-1459)) a prime number?
False
Suppose 5*k = 197 - 207. Is (1/(-3))/(k/7170) prime?
False
Suppose 0 = -u + 3*b + 25, 3*u + 5*b - 15 = -u. Suppose -u*k - 12*k + 52690 = 0. Is k a composite number?
True
Let b(l) = 236*l + 239. Let a be b(-34). Let d = a + 12202. Is d a prime number?
False
Let d be 4 + -2 + (-3 - 1) + -333. Let l = d - -438. Is l a prime number?
True
Let q = 2644 - -39. Suppose -7*m - q = -8*m. Is m a composite number?
False
Let m be (5 + (-4)/(-1 + -3))/2. Let a(f) = -3 + 13*f**3 - 15*f**3 + 5*f**2 + 3*f**m. Is a(8) a prime number?
True
Let m = 33242 + 204251. Is m a composite number?
True
Let c(u) = -67*u - 2. Let o be c(-1). Let q = -61 + o. Is q/(-6) + (-8810)/(-30) prime?
True
Let x be 59/7 - 54/126. Let t(b) = -b**3 + 10*b**2 + 11*b + 7. Is t(x) prime?
True
Let n = -387046 + 665981. Is n prime?
False
Suppose 0 = 3*d - 2*i - 178615, 3*i - 277668 = -4*d - 39509. Is d a prime number?
True
Is (-7 - (-14 - -15)) + 14081*27 a composite number?
False
Let g(a) = 284*a**2 - 6*a - 9. Let u be (20/(-25) + 0)/(2/10). Let j be g(u). Suppose -j - 2251 = -6*i. Is i prime?
False
Suppose 3*w - 74439 = -2*d, -20*w = -15*w + 25. Is d a composite number?
True
Let q = 141014 - 81475. Is q prime?
True
Suppose 6 = 2*r + 3*k, -6*k = -2*k + 8. Is 29574/78 + r/(-39) composite?
False
Let v(d) = -1586*d - 2207. Is v(-45) composite?
False
Let r(s) = -986*s**3 + 2*s**2 - 6. Let g(o) = o**3 - 1. Let z(f) = -8*g(f) + r(f). Let u be z(-2). Let q = -5503 + u. Is q a composite number?
False
Let k(g) = -1419*g + 17. Let q be k(-3). Suppose 5066 = w - 2*b + 797, w = -3*b + q. Is w prime?
True
Is (298/10)/((-24)/(-48120)) + 24/(-4) prime?
True
Let q = 47493 + -24980. Is q composite?
True
Suppose 5*j = 3*i + 28390, 5*i - 8253 = -4*j + 14496. Suppose 0 = -2*d + 3*b + 3791, 0 = -d - 2*d - b + j. Is d a composite number?
True
Suppose -177*s + 175*s = -5402. Suppose 35*k - 25 = 40*k, 5*k = 4*a - s. Is a a composite number?
True
Let r = 27882 + 4577. Is r prime?
False
Suppose d + 614 = -979. Let t = 2948 + d. Let l = -636 + t. Is l a composite number?
False
Let k(y) = -y**2 - 7*y - 3. Let b be k(-5). Suppose b*t - 15 = 2*t. Suppose -2*f + 4*p + 294 = -0*f, 5*p - 430 = -t*f. Is f a composite number?
True
Let s = 1118708 - -292851. Is s composite?
False
Suppose -3*g = 2*n - 535909, 5*n + 2*g - 6*g = 1339807. Is n composite?
False
Suppose -66 = -57*k + 54*k. Let o = k + -18. Suppose -o*r = 3*u - 221, r + 4*u = 6*r - 253. Is r a prime number?
True
Let s(j) = j**2 - 2. Let n be s(2). Suppose -p - q - 8 = -n*p, 7 = 2*p - 5*q. Suppose -p*x = -7*x - 3676. Is x prime?
True
Let f be ((-94)/3)/((-2)/3). Let w = f + -44. Suppose 6 = d + 2*d, w*a - 2381 = -4*d. Is a a composite number?
True
Let j be (8255/30)/13 - (-5)/(-30). Let i(z) be the second derivative of z**4/12 - 2*z**3 - 37*z**2 + z. Is i(j) prime?
False
Let s be 2 + 4*(-216565)/(-20). Suppose s = 169*x - 164*x. Is x a composite number?
False
Suppose l + 860 = 4*i + 5469, 2321 = -2*i - 5*l. Let t = 2111 + i. Suppose -c + t = c. Is c a prime number?
True
Let a = 283 + -164. Suppose 0 = -0*d - 3*d - 180. Let n = d + a. Is n prime?
True
Suppose 53*x - 24300639 = 6735906 + 7387024. Is x composite?
True
Let i(y) = -y**3 + 3*y**2 + 14*y + 68. Let o be i(14). Let t = o + 5881. Is t prime?
True
Let v = -87 + 90. Suppose 4*o + 3*w - 45 = o, 0 = v*o - w - 41. Is o a prime number?
False
Let t = -6 - 20. Let p be ((-1 + -225)*-1)/(t/(-39)). Suppose -2*w - p = -5*w. Is w a prime number?
True
Let j(d) = 5*d**2 + 127*d - 329. Is j(-61) prime?
True
Suppose 2*b = b + 5. Suppose -4*u + 2*r = -23366 + 5134, 4*u - 18232 = b*r. Suppose -2*k - c = 2*c - u, -2273 = -k - 3*c. Is k prime?
False
Let f = -156392 + 248899. Is f prime?
True
Suppose -5*r + 14 + 16 = 0. Is 3302 - (r/10)/((-1)/(-5)) prime?
True
Let i(u) = -5592*u - 15. Let m be i(-3). Suppose -m = -13*c + 4520. Is c prime?
True
Let y(v) = v**3 + 117*v**2 + 683*v - 607. Is y(-110) prime?
True
Let s = 22 - 16. Is (-2)/s - (-3)/((-9)/(-6682)) composite?
True
Suppose -15 = 3*p + 4*z - 2*z, -z = 3*p + 15. Is (5 - 56940/(-25)) + (-2)/p prime?
False
Let t(x) = 104*x**2 + 2230*x - 49. Is t(-33) composite?
True
Suppose -71*b = -28*b - 17901631. Is b a prime number?
False
Suppose 2*h - 183355 - 807399 = 4*v, -2*v = -3*h + 1486155. Is h a composite number?
False
Suppose -19537 = -4*j - 5*f + 34548, -40581 = -3*j + 2*f. Suppose 2*r = t - j, -5*t - 14125 + 81743 = -3*r. Is t a composite number?
False
Let s(h) be the second derivative of -1877*h**3/6 - 71*h**2/2 - 189*h. Is s(-2) prime?
False
Is -6 - (730543/2)/(8/(-16)) prime?
True
Suppose -4*q = -109 + 9. Let g(j) = 363*j + 19 - 9 + q. Is g(6) a prime number?
True
Suppose 4*r - 2*j + 244300 = 0, -r - 5*j = -0*r + 61075. Let t = 89588 + r. Is t a composite number?
False
Let u(f) = f**2 - 3*f - 3. Let b be u(6). Is (b/(-10))/(9/(-10164)) - 1 prime?
True
Suppose -3*k - 8964 = 2*q - 4*q, -4*q + 17934 = -3*k. Suppose w = 2*v - 8937, v + 5*w - q = -0*v. Suppose v = -0*a + 10*a. Is a composite?
True
Let b be ((-255)/35 - 6/(-21))*(-3768)/28. Suppose -x + 6 + 1 = 0. Suppose -x*h = -h - b. Is h a prime number?
True
Suppose 5*u + 0*u - 365 = 0. Let k = u - 71. Suppose -i + 3*i - 2*a = 8570, i = -k*a + 4297. Is i a composite number?
False
Let k(t) = 754*t**2 + 24*t - 209. Is k(13) a prime number?
True
Let p(i) =